{"id":383,"date":"2021-09-01T07:45:23","date_gmt":"2021-09-01T07:45:23","guid":{"rendered":"http:\/\/dev.keddstudio.com\/?page_id=383"},"modified":"2025-09-11T10:59:59","modified_gmt":"2025-09-11T10:59:59","slug":"bogyo_es_baboca_1","status":"publish","type":"page","link":"https:\/\/www.keddstudio.com\/index.php\/bogyo_es_baboca_1\/","title":{"rendered":"Berry and Dolly S01"},"content":{"rendered":"\t\t<div data-elementor-type=\"wp-page\" data-elementor-id=\"383\" class=\"elementor elementor-383\" data-elementor-post-type=\"page\">\n\t\t\t\t\t\t<section class=\"elementor-section elementor-top-section elementor-element elementor-element-3203750 elementor-section-full_width elementor-section-height-default elementor-section-height-default\" data-id=\"3203750\" data-element_type=\"section\">\n\t\t\t\t\t\t<div class=\"elementor-container elementor-column-gap-no\">\n\t\t\t\t\t<div class=\"elementor-column elementor-col-100 elementor-top-column elementor-element elementor-element-f83192b\" data-id=\"f83192b\" data-element_type=\"column\">\n\t\t\t<div class=\"elementor-widget-wrap elementor-element-populated\">\n\t\t\t\t\t\t<div class=\"elementor-element elementor-element-b118fef elementor-widget elementor-widget-image\" data-id=\"b118fef\" data-element_type=\"widget\" data-widget_type=\"image.default\">\n\t\t\t\t<div class=\"elementor-widget-container\">\n\t\t\t\t\t\t\t\t\t\t\t\t\t\t\t<img fetchpriority=\"high\" decoding=\"async\" width=\"1920\" height=\"550\" src=\"https:\/\/www.keddstudio.com\/wp-content\/uploads\/2025\/09\/BB1_HEADER_1920x550.jpg\" class=\"attachment-2048x2048 size-2048x2048 wp-image-6116\" alt=\"\" srcset=\"https:\/\/www.keddstudio.com\/wp-content\/uploads\/2025\/09\/BB1_HEADER_1920x550.jpg 1920w, https:\/\/www.keddstudio.com\/wp-content\/uploads\/2025\/09\/BB1_HEADER_1920x550-300x86.jpg 300w, https:\/\/www.keddstudio.com\/wp-content\/uploads\/2025\/09\/BB1_HEADER_1920x550-1024x293.jpg 1024w, https:\/\/www.keddstudio.com\/wp-content\/uploads\/2025\/09\/BB1_HEADER_1920x550-768x220.jpg 768w, https:\/\/www.keddstudio.com\/wp-content\/uploads\/2025\/09\/BB1_HEADER_1920x550-1536x440.jpg 1536w, https:\/\/www.keddstudio.com\/wp-content\/uploads\/2025\/09\/BB1_HEADER_1920x550-1170x335.jpg 1170w, https:\/\/www.keddstudio.com\/wp-content\/uploads\/2025\/09\/BB1_HEADER_1920x550-370x106.jpg 370w, https:\/\/www.keddstudio.com\/wp-content\/uploads\/2025\/09\/BB1_HEADER_1920x550-870x249.jpg 870w, https:\/\/www.keddstudio.com\/wp-content\/uploads\/2025\/09\/BB1_HEADER_1920x550-390x112.jpg 390w\" sizes=\"(max-width: 1920px) 100vw, 1920px\" \/>\t\t\t\t\t\t\t\t\t\t\t\t\t\t\t<\/div>\n\t\t\t\t<\/div>\n\t\t\t\t<div class=\"elementor-element elementor-element-fe98716 elementor-widget elementor-widget-heading\" data-id=\"fe98716\" data-element_type=\"widget\" data-widget_type=\"heading.default\">\n\t\t\t\t<div class=\"elementor-widget-container\">\n\t\t\t\t\t<h2 class=\"elementor-heading-title elementor-size-xl\">Berry and Dolly S01<\/h2>\t\t\t\t<\/div>\n\t\t\t\t<\/div>\n\t\t\t\t<div class=\"elementor-element elementor-element-49f0fa0 elementor-widget elementor-widget-heading\" data-id=\"49f0fa0\" data-element_type=\"widget\" data-widget_type=\"heading.default\">\n\t\t\t\t<div class=\"elementor-widget-container\">\n\t\t\t\t\t<h2 class=\"elementor-heading-title elementor-size-large\">We all belong together<\/h2>\t\t\t\t<\/div>\n\t\t\t\t<\/div>\n\t\t\t\t\t<\/div>\n\t\t<\/div>\n\t\t\t\t\t<\/div>\n\t\t<\/section>\n\t\t\t\t<section class=\"elementor-section elementor-top-section elementor-element elementor-element-63bcd36 elementor-section-full_width elementor-section-height-default elementor-section-height-default\" data-id=\"63bcd36\" data-element_type=\"section\">\n\t\t\t\t\t\t<div class=\"elementor-container elementor-column-gap-default\">\n\t\t\t\t\t<div class=\"elementor-column elementor-col-33 elementor-top-column elementor-element elementor-element-55773f3\" data-id=\"55773f3\" data-element_type=\"column\">\n\t\t\t<div class=\"elementor-widget-wrap elementor-element-populated\">\n\t\t\t\t\t\t<div class=\"elementor-element elementor-element-8aad542 elementor-widget elementor-widget-image\" data-id=\"8aad542\" data-element_type=\"widget\" data-widget_type=\"image.default\">\n\t\t\t\t<div class=\"elementor-widget-container\">\n\t\t\t\t\t\t\t\t\t\t\t\t\t\t\t<img decoding=\"async\" width=\"1920\" height=\"1080\" src=\"https:\/\/www.keddstudio.com\/wp-content\/uploads\/2025\/09\/BB_S01E12_Sea_Adventure_THUMB.jpg\" class=\"attachment-full size-full wp-image-6162\" alt=\"\" srcset=\"https:\/\/www.keddstudio.com\/wp-content\/uploads\/2025\/09\/BB_S01E12_Sea_Adventure_THUMB.jpg 1920w, https:\/\/www.keddstudio.com\/wp-content\/uploads\/2025\/09\/BB_S01E12_Sea_Adventure_THUMB-300x170.jpg 300w, https:\/\/www.keddstudio.com\/wp-content\/uploads\/2025\/09\/BB_S01E12_Sea_Adventure_THUMB-1024x576.jpg 1024w, https:\/\/www.keddstudio.com\/wp-content\/uploads\/2025\/09\/BB_S01E12_Sea_Adventure_THUMB-768x432.jpg 768w, https:\/\/www.keddstudio.com\/wp-content\/uploads\/2025\/09\/BB_S01E12_Sea_Adventure_THUMB-1536x864.jpg 1536w, https:\/\/www.keddstudio.com\/wp-content\/uploads\/2025\/09\/BB_S01E12_Sea_Adventure_THUMB-1170x659.jpg 1170w, https:\/\/www.keddstudio.com\/wp-content\/uploads\/2025\/09\/BB_S01E12_Sea_Adventure_THUMB-370x208.jpg 370w, https:\/\/www.keddstudio.com\/wp-content\/uploads\/2025\/09\/BB_S01E12_Sea_Adventure_THUMB-870x490.jpg 870w, https:\/\/www.keddstudio.com\/wp-content\/uploads\/2025\/09\/BB_S01E12_Sea_Adventure_THUMB-390x220.jpg 390w\" sizes=\"(max-width: 1920px) 100vw, 1920px\" \/>\t\t\t\t\t\t\t\t\t\t\t\t\t\t\t<\/div>\n\t\t\t\t<\/div>\n\t\t\t\t\t<\/div>\n\t\t<\/div>\n\t\t\t\t<div class=\"elementor-column elementor-col-33 elementor-top-column elementor-element elementor-element-9c18275\" data-id=\"9c18275\" data-element_type=\"column\">\n\t\t\t<div class=\"elementor-widget-wrap elementor-element-populated\">\n\t\t\t\t\t\t<div class=\"elementor-element elementor-element-42da527 elementor-widget elementor-widget-video\" data-id=\"42da527\" data-element_type=\"widget\" data-settings=\"{&quot;video_type&quot;:&quot;vimeo&quot;}\" data-widget_type=\"video.default\">\n\t\t\t\t<div class=\"elementor-widget-container\">\n\t\t\t\t\t\t\t<div class=\"elementor-wrapper elementor-open-inline\">\n\t\t\t<iframe class=\"elementor-video-iframe\" allowfullscreen allow=\"clipboard-write\" title=\"vimeo vide\u00f3 lej\u00e1tsz\u00f3\" src=\"https:\/\/player.vimeo.com\/video\/357312681?color&amp;autopause=0&amp;loop=0&amp;muted=0&amp;title=1&amp;portrait=1&amp;byline=1#t=\"><\/iframe>\t\t<\/div>\n\t\t\t\t\t\t<\/div>\n\t\t\t\t<\/div>\n\t\t\t\t\t<\/div>\n\t\t<\/div>\n\t\t\t\t<div class=\"elementor-column elementor-col-33 elementor-top-column elementor-element elementor-element-06bda79\" data-id=\"06bda79\" data-element_type=\"column\">\n\t\t\t<div class=\"elementor-widget-wrap elementor-element-populated\">\n\t\t\t\t\t\t<div class=\"elementor-element elementor-element-c19ef89 elementor-widget elementor-widget-image\" data-id=\"c19ef89\" data-element_type=\"widget\" data-widget_type=\"image.default\">\n\t\t\t\t<div class=\"elementor-widget-container\">\n\t\t\t\t\t\t\t\t\t\t\t\t\t\t\t<img decoding=\"async\" width=\"1920\" height=\"1080\" src=\"https:\/\/www.keddstudio.com\/wp-content\/uploads\/2025\/05\/BB_S01E03_The_Rainbow_THUMB.jpg\" class=\"attachment-full size-full wp-image-5826\" alt=\"\" srcset=\"https:\/\/www.keddstudio.com\/wp-content\/uploads\/2025\/05\/BB_S01E03_The_Rainbow_THUMB.jpg 1920w, https:\/\/www.keddstudio.com\/wp-content\/uploads\/2025\/05\/BB_S01E03_The_Rainbow_THUMB-300x170.jpg 300w, https:\/\/www.keddstudio.com\/wp-content\/uploads\/2025\/05\/BB_S01E03_The_Rainbow_THUMB-1024x576.jpg 1024w, https:\/\/www.keddstudio.com\/wp-content\/uploads\/2025\/05\/BB_S01E03_The_Rainbow_THUMB-768x432.jpg 768w, https:\/\/www.keddstudio.com\/wp-content\/uploads\/2025\/05\/BB_S01E03_The_Rainbow_THUMB-1536x864.jpg 1536w, https:\/\/www.keddstudio.com\/wp-content\/uploads\/2025\/05\/BB_S01E03_The_Rainbow_THUMB-1170x659.jpg 1170w, https:\/\/www.keddstudio.com\/wp-content\/uploads\/2025\/05\/BB_S01E03_The_Rainbow_THUMB-370x208.jpg 370w, https:\/\/www.keddstudio.com\/wp-content\/uploads\/2025\/05\/BB_S01E03_The_Rainbow_THUMB-870x490.jpg 870w, https:\/\/www.keddstudio.com\/wp-content\/uploads\/2025\/05\/BB_S01E03_The_Rainbow_THUMB-390x220.jpg 390w\" sizes=\"(max-width: 1920px) 100vw, 1920px\" \/>\t\t\t\t\t\t\t\t\t\t\t\t\t\t\t<\/div>\n\t\t\t\t<\/div>\n\t\t\t\t\t<\/div>\n\t\t<\/div>\n\t\t\t\t\t<\/div>\n\t\t<\/section>\n\t\t\t\t<section class=\"elementor-section elementor-top-section elementor-element elementor-element-a252fdf elementor-section-boxed elementor-section-height-default elementor-section-height-default\" data-id=\"a252fdf\" data-element_type=\"section\">\n\t\t\t\t\t\t<div class=\"elementor-container elementor-column-gap-default\">\n\t\t\t\t\t<div class=\"elementor-column elementor-col-100 elementor-top-column elementor-element elementor-element-2390306\" data-id=\"2390306\" data-element_type=\"column\">\n\t\t\t<div class=\"elementor-widget-wrap elementor-element-populated\">\n\t\t\t\t\t\t<div class=\"elementor-element elementor-element-73ebfc0 elementor-widget elementor-widget-spacer\" data-id=\"73ebfc0\" data-element_type=\"widget\" data-widget_type=\"spacer.default\">\n\t\t\t\t<div class=\"elementor-widget-container\">\n\t\t\t\t\t\t\t<div class=\"elementor-spacer\">\n\t\t\t<div class=\"elementor-spacer-inner\"><\/div>\n\t\t<\/div>\n\t\t\t\t\t\t<\/div>\n\t\t\t\t<\/div>\n\t\t\t\t\t<\/div>\n\t\t<\/div>\n\t\t\t\t\t<\/div>\n\t\t<\/section>\n\t\t\t\t<section class=\"elementor-section elementor-top-section elementor-element elementor-element-9deac87 elementor-section-boxed elementor-section-height-default elementor-section-height-default\" data-id=\"9deac87\" data-element_type=\"section\" data-settings=\"{&quot;background_background&quot;:&quot;classic&quot;}\">\n\t\t\t\t\t\t<div class=\"elementor-container elementor-column-gap-default\">\n\t\t\t\t\t<div class=\"elementor-column elementor-col-100 elementor-top-column elementor-element elementor-element-bf65966\" data-id=\"bf65966\" data-element_type=\"column\">\n\t\t\t<div class=\"elementor-widget-wrap elementor-element-populated\">\n\t\t\t\t\t\t<div class=\"elementor-element elementor-element-aef9232 elementor-widget elementor-widget-heading\" data-id=\"aef9232\" data-element_type=\"widget\" data-widget_type=\"heading.default\">\n\t\t\t\t<div class=\"elementor-widget-container\">\n\t\t\t\t\t<h2 class=\"elementor-heading-title elementor-size-large\">Synopsis<\/h2>\t\t\t\t<\/div>\n\t\t\t\t<\/div>\n\t\t\t\t<div class=\"elementor-element elementor-element-d56728f elementor-widget elementor-widget-text-editor\" data-id=\"d56728f\" data-element_type=\"widget\" data-widget_type=\"text-editor.default\">\n\t\t\t\t<div class=\"elementor-widget-container\">\n\t\t\t\t\t\t\t\t\t<p>Berry the snail boy and Dolly the ladybird are best friends. Together with lots of lovely characters just like them &#8211; the little inhabitants of the woods, fields and waters &#8211; they discover the world around them through instructive adventures. The characters represent the everyday lives of young children: they go to nursery school and play games, but they also live in their own lookalike houses, looking after themselves and each other.<\/p>\t\t\t\t\t\t\t\t<\/div>\n\t\t\t\t<\/div>\n\t\t\t\t\t<\/div>\n\t\t<\/div>\n\t\t\t\t\t<\/div>\n\t\t<\/section>\n\t\t\t\t<section class=\"elementor-section elementor-top-section elementor-element elementor-element-76736c9 elementor-section-boxed elementor-section-height-default elementor-section-height-default\" data-id=\"76736c9\" data-element_type=\"section\" data-settings=\"{&quot;background_background&quot;:&quot;classic&quot;}\">\n\t\t\t\t\t\t<div class=\"elementor-container elementor-column-gap-default\">\n\t\t\t\t\t<div class=\"elementor-column elementor-col-50 elementor-top-column elementor-element elementor-element-6eb7f18\" data-id=\"6eb7f18\" data-element_type=\"column\">\n\t\t\t<div class=\"elementor-widget-wrap elementor-element-populated\">\n\t\t\t\t\t\t<div class=\"elementor-element elementor-element-2359527 elementor-widget elementor-widget-image\" data-id=\"2359527\" data-element_type=\"widget\" data-widget_type=\"image.default\">\n\t\t\t\t<div class=\"elementor-widget-container\">\n\t\t\t\t\t\t\t\t\t\t\t\t\t\t\t<img loading=\"lazy\" decoding=\"async\" width=\"768\" height=\"768\" src=\"https:\/\/www.keddstudio.com\/wp-content\/uploads\/2025\/09\/BB1_SOROZAT_szinopszis_PNG-1-768x768.png\" class=\"attachment-medium_large size-medium_large wp-image-6170\" alt=\"\" srcset=\"https:\/\/www.keddstudio.com\/wp-content\/uploads\/2025\/09\/BB1_SOROZAT_szinopszis_PNG-1-768x768.png 768w, https:\/\/www.keddstudio.com\/wp-content\/uploads\/2025\/09\/BB1_SOROZAT_szinopszis_PNG-1-300x300.png 300w, https:\/\/www.keddstudio.com\/wp-content\/uploads\/2025\/09\/BB1_SOROZAT_szinopszis_PNG-1-1024x1024.png 1024w, https:\/\/www.keddstudio.com\/wp-content\/uploads\/2025\/09\/BB1_SOROZAT_szinopszis_PNG-1-150x150.png 150w, https:\/\/www.keddstudio.com\/wp-content\/uploads\/2025\/09\/BB1_SOROZAT_szinopszis_PNG-1-1536x1536.png 1536w, https:\/\/www.keddstudio.com\/wp-content\/uploads\/2025\/09\/BB1_SOROZAT_szinopszis_PNG-1-1170x1170.png 1170w, https:\/\/www.keddstudio.com\/wp-content\/uploads\/2025\/09\/BB1_SOROZAT_szinopszis_PNG-1-370x370.png 370w, https:\/\/www.keddstudio.com\/wp-content\/uploads\/2025\/09\/BB1_SOROZAT_szinopszis_PNG-1-870x870.png 870w, https:\/\/www.keddstudio.com\/wp-content\/uploads\/2025\/09\/BB1_SOROZAT_szinopszis_PNG-1-390x390.png 390w, https:\/\/www.keddstudio.com\/wp-content\/uploads\/2025\/09\/BB1_SOROZAT_szinopszis_PNG-1-75x75.png 75w, https:\/\/www.keddstudio.com\/wp-content\/uploads\/2025\/09\/BB1_SOROZAT_szinopszis_PNG-1.png 1920w\" sizes=\"(max-width: 768px) 100vw, 768px\" \/>\t\t\t\t\t\t\t\t\t\t\t\t\t\t\t<\/div>\n\t\t\t\t<\/div>\n\t\t\t\t\t<\/div>\n\t\t<\/div>\n\t\t\t\t<div class=\"elementor-column elementor-col-50 elementor-top-column elementor-element elementor-element-14f03cb\" data-id=\"14f03cb\" data-element_type=\"column\">\n\t\t\t<div class=\"elementor-widget-wrap elementor-element-populated\">\n\t\t\t\t\t\t<div class=\"elementor-element elementor-element-b62683f elementor-widget elementor-widget-heading\" data-id=\"b62683f\" data-element_type=\"widget\" data-widget_type=\"heading.default\">\n\t\t\t\t<div class=\"elementor-widget-container\">\n\t\t\t\t\t<h2 class=\"elementor-heading-title elementor-size-large\">Technical information<\/h2>\t\t\t\t<\/div>\n\t\t\t\t<\/div>\n\t\t\t\t<div class=\"elementor-element elementor-element-21977aa elementor-widget elementor-widget-text-editor\" data-id=\"21977aa\" data-element_type=\"widget\" data-widget_type=\"text-editor.default\">\n\t\t\t\t<div class=\"elementor-widget-container\">\n\t\t\t\t\t\t\t\t\t<p>Format: <strong>Full HD 1080p\u00a0<\/strong><br \/>Full Length Of the Series: <strong>13 x 5 = 65 min (1 h 5 min)<\/strong><br \/>Genre: <strong>Edutainment<\/strong><br \/>Target Age:<strong> Preschooler<\/strong><br \/>Status: <strong>Completed<\/strong><br \/>Production: <strong>KEDD Animation Studio, 2010<br \/><\/strong>Directed by <strong>Antonin Krizsanics, G\u00e9za M. T\u00f3th,<br \/><\/strong>Script, design and character design:\u00a0<strong> Erika Bartos<\/strong><br \/>Storyteller in Hungarian version: <strong>Judit Pog\u00e1ny<br \/><\/strong>Produced by\u00a0<strong>G\u00e9za M. T\u00f3th<br \/><\/strong>Music by <strong>Alma Band<br \/><\/strong>Languages: <strong>Hungarian, English, Russian, Hebrew, Arabic, Polish, Portuguese, Romanian, Serbian, Slovenian, Czech, Lithuanian, Slovakian, Burgenland Croatian<\/strong><\/p>\t\t\t\t\t\t\t\t<\/div>\n\t\t\t\t<\/div>\n\t\t\t\t\t<\/div>\n\t\t<\/div>\n\t\t\t\t\t<\/div>\n\t\t<\/section>\n\t\t\t\t<\/div>\n\t\t","protected":false},"excerpt":{"rendered":"<p>Berry and Dolly S01 We all belong together Synopsis Berry the snail boy and Dolly the ladybird are best friends. Together with lots of lovely characters just like them &#8211; the little inhabitants of the woods, fields and waters &#8211; they discover the world around them through instructive adventures. The characters represent the everyday lives [&hellip;]<\/p>\n","protected":false},"author":2,"featured_media":0,"parent":0,"menu_order":0,"comment_status":"closed","ping_status":"closed","template":"","meta":{"footnotes":""},"class_list":["post-383","page","type-page","status-publish","hentry"],"_links":{"self":[{"href":"https:\/\/www.keddstudio.com\/index.php\/wp-json\/wp\/v2\/pages\/383","targetHints":{"allow":["GET"]}}],"collection":[{"href":"https:\/\/www.keddstudio.com\/index.php\/wp-json\/wp\/v2\/pages"}],"about":[{"href":"https:\/\/www.keddstudio.com\/index.php\/wp-json\/wp\/v2\/types\/page"}],"author":[{"embeddable":true,"href":"https:\/\/www.keddstudio.com\/index.php\/wp-json\/wp\/v2\/users\/2"}],"replies":[{"embeddable":true,"href":"https:\/\/www.keddstudio.com\/index.php\/wp-json\/wp\/v2\/comments?post=383"}],"version-history":[{"count":28,"href":"https:\/\/www.keddstudio.com\/index.php\/wp-json\/wp\/v2\/pages\/383\/revisions"}],"predecessor-version":[{"id":6174,"href":"https:\/\/www.keddstudio.com\/index.php\/wp-json\/wp\/v2\/pages\/383\/revisions\/6174"}],"wp:attachment":[{"href":"https:\/\/www.keddstudio.com\/index.php\/wp-json\/wp\/v2\/media?parent=383"}],"curies":[{"name":"wp","href":"https:\/\/api.w.org\/{rel}","templated":true}]}}